ainder when 15973 is divided by 15?
13
What is the remainder when 70211 is divided by 35073?
65
Calculate the remainder when 42623 is divided by 21300.
23
Calculate the remainder when 23313 is divided by 1128.
753
What is the remainder when 773729 is divided by 11213?
32
What is the remainder when 24542 is divided by 97?
1
What is the remainder when 12996 is divided by 14?
4
What is the remainder when 6009 is divided by 1195?
34
Calculate the remainder when 2021 is divided by 947.
127
Calculate the remainder when 98088 is divided by 24511.
44
What is the remainder when 64104 is divided by 119?
82
Calculate the remainder when 24709 is divided by 950.
9
What is the remainder when 2946 is divided by 715?
86
Calculate the remainder when 1372 is divided by 158.
108
What is the remainder when 144638 is divided by 162?
134
Calculate the remainder when 27229 is divided by 27.
13
Calculate the remainder when 45337 is divided by 5032.
49
What is the remainder when 2550 is divided by 281?
21
Calculate the remainder when 12891 is divided by 11.
10
What is the remainder when 1204302 is divided by 213?
0
Calculate the remainder when 934301 is divided by 37371.
26
Calculate the remainder when 242746 is divided by 25.
21
Calculate the remainder when 13178 is divided by 13116.
62
What is the remainder when 44814 is divided by 146?
138
Calculate the remainder when 294376 is divided by 129.
127
What is the remainder when 1311 is divided by 168?
135
What is the remainder when 32879 is divided by 15?
14
What is the remainder when 82528 is divided by 3927?
61
Calculate the remainder when 5211 is divided by 16.
11
What is the remainder when 19415 is divided by 3882?
5
What is the remainder when 18458 is divided by 18393?
65
Calculate the remainder when 18018 is divided by 6003.
9
Calculate the remainder when 4704 is divided by 262.
250
What is the remainder when 6798 is divided by 1130?
18
Calculate the remainder when 91802 is divided by 118.
116
What is the remainder when 95704 is divided by 730?
74
Calculate the remainder when 108859 is divided by 192.
187
What is the remainder when 1202 is divided by 240?
2
Calculate the remainder when 2691 is divided by 889.
24
Calculate the remainder when 88074 is divided by 956.
122
Calculate the remainder when 2584 is divided by 73.
29
Calculate the remainder when 87450 is divided by 21859.
14
What is the remainder when 6638 is divided by 663?
8
Calculate the remainder when 3229873 is divided by 37.
32
What is the remainder when 10874 is divided by 127?
79
What is the remainder when 6616 is divided by 2181?
73
What is the remainder when 24123 is divided by 1340?
3
Calculate the remainder when 10428 is divided by 972.
708
Calculate the remainder when 23377 is divided by 615.
7
What is the remainder when 35293 is divided by 76?
29
Calculate the remainder when 82436 is divided by 1422.
1382
What is the remainder when 51859 is divided by 258?
1
What is the remainder when 2457 is divided by 127?
44
Calculate the remainder when 8854 is divided by 4399.
56
Calculate the remainder when 16970 is divided by 455.
135
What is the remainder when 449331 is divided by 4?
3
Calculate the remainder when 138352 is divided by 127.
49
Calculate the remainder when 26435 is divided by 8798.
41
What is the remainder when 447212 is divided by 629?
622
Calculate the remainder when 465550 is divided by 9.
7
What is the remainder when 82303 is divided by 762?
7
What is the remainder when 8626 is divided by 959?
954
What is the remainder when 586234 is divided by 65?
64
What is the remainder when 7549 is divided by 26?
9
What is the remainder when 150546 is divided by 75259?
28
What is the remainder when 321316 is divided by 1177?
1172
What is the remainder when 4195 is divided by 1038?
43
Calculate the remainder when 1577095 is divided by 751.
746
What is the remainder when 6763 is divided by 1121?
37
What is the remainder when 2329 is divided by 739?
112
Calculate the remainder when 1234858 is divided by 20.
18
Calculate the remainder when 3076 is divided by 952.
220
What is the remainder when 1191929 is divided by 335?
334
Calculate the remainder when 10228 is divided by 196.
36
Calculate the remainder when 143038 is divided by 469.
462
What is the remainder when 12555 is divided by 2508?
15
What is the remainder when 437 is divided by 433?
4
Calculate the remainder when 16793 is divided by 700.
693
What is the remainder when 22175 is divided by 22160?
15
What is the remainder when 568159 is divided by 268?
267
Calculate the remainder when 136274 is divided by 14.
12
What is the remainder when 103269 is divided by 64?
37
Calculate the remainder when 68924 is divided by 8.
4
What is the remainder when 5807 is divided by 14?
11
What is the remainder when 12123 is divided by 3?
0
What is the remainder when 8415 is divided by 563?
533
What is the remainder when 11252 is divided by 191?
174
Calculate the remainder when 1597 is divided by 582.
433
Calculate the remainder when 46844 is divided by 15.
14
Calculate the remainder when 10699 is divided by 971.
18
Calculate the remainder when 69414 is divided by 231.
114
What is the remainder when 53466 is divided by 17809?
39
What is the remainder when 2186 is divided by 748?
690
What is the remainder when 19586 is divided by 281?
197
What is the remainder when 202581 is divided by 998?
985
Calculate the remainder when 170884 is divided by 15533.
21
Calculate the remainder when 1815 is divided by 712.
391
What is the remainder when 6732 is divided by 6295?
437
Calculate the remainder when 673100 is divided by 14.
8
What is the remainder when 2340246 is divided by 23?
19
What is the remainder when 115025 is divided by 172?
129
What is the remainder when 1212758 is divided by 288?
278
Calculate the remainder when 38820 is divided by 82.
34
What is the remainder when 193403 is divided by 18?
11
Calculate the remainder when 193 is divided by 50.
43
Calculate the remainder when 2692 is divided by 229.
173
What is the remainder when 13386 is divided by 637?
9
Calculate the remainder when 15200 is divided by 14731.
469
What is the remainder when 417 is divided by 206?
5
Calculate the remainder when 127575 is divided by 132.
63
Calculate the remainder when 4798 is divided by 94.
4
What is the remainder when 7832 is divided by 2606?
14
What is the remainder when 127421 is divided by 18?
17
What is the remainder when 509 is divided by 408?
101
What is the remainder when 1549823 is divided by 5?
3
Calculate the remainder when 53936 is divided by 6741.
8
What is the remainder when 331511 is divided by 185?
176
Calculate the remainder when 58051 is divided by 425.
251
Calculate the remainder when 2505 is divided by 5.
0
What is the remainder when 141948 is divided by 151?
8
What is the remainder when 7767 is divided by 68?
15
What is the remainder when 309096 is divided by 280?
256
Calculate the remainder when 3636 is divided by 875.
136
Calculate the remainder when 34837 is divided by 11611.
4
What is the remainder when 562248 is divided by 325?
323
What is the remainder when 2950 is divided by 64?
6
Calculate the remainder when 6848 is divided by 326.
2
What is the remainder when 4794 is divided by 47?
0
Calculate the remainder when 198898 is divided by 15298.
24
Calculate the remainder when 13954 is divided by 1550.
4
What is the remainder when 33545 is divided by 395?
365
Calculate the remainder when 21085 is divided by 12.
1
Calculate the remainder when 2029277 is divided by 160.
157
Calculate the remainder when 2585170 is divided by 697.
694
Calculate the remainder when 832 is divided by 18.
4
What is the remainder when 6351 is divided by 422?
21
What is the remainder when 1664 is divided by 21?
5
Calculate the remainder when 3764 is divided by 30.
14
Calculate the remainder when 3678 is divided by 1220.
18
Calculate the remainder when 162070 is divided by 13.
12
Calculate the remainder when 17717 is divided by 5902.
11
Calculate the remainder when 13490 is divided by 78.
74
Calculate the remainder when 1830 is divided by 121.
15
What is the remainder when 461615 is divided by 97?
89
Calculate the remainder when 67099 is divided by 89.
82
What is the remainder when 6212 is divided by 3063?
86
Calculate the remain